 -1013?
11201
In base 9, what is -836213 + -3?
-836216
In base 14, what is -d8749 + -4?
-d874d
In base 2, what is 100001101010110 - 10010110?
100001011000000
In base 12, what is -3 - 233?
-236
In base 6, what is 1011012 + 155?
1011211
In base 6, what is 4001 + -114?
3443
In base 10, what is -1104 + -14?
-1118
In base 4, what is 21001 - -23013?
110020
In base 5, what is -24013 - -122?
-23341
In base 3, what is -1 - 1100220011?
-1100220012
In base 4, what is -10230120 + 220?
-10223300
In base 5, what is -233044012 - -1?
-233044011
In base 15, what is 2189 + 2?
218b
In base 13, what is 1 - -8111?
8112
In base 5, what is -34 - -13034?
13000
In base 8, what is 1 - -305101?
305102
In base 10, what is 10 + 45602?
45612
In base 7, what is -2344432 + -4?
-2344436
In base 4, what is 20201121211 + 2?
20201121213
In base 4, what is 2 + 13233211?
13233213
In base 6, what is -42 + 105052?
105010
In base 6, what is -3 + -254555?
-255002
In base 8, what is -151 + 7?
-142
In base 16, what is 2f937 + -3?
2f934
In base 4, what is -10 - -3112221?
3112211
In base 2, what is 110000010100010 + 111?
110000010101001
In base 7, what is -30 - 246646?
-250006
In base 8, what is 64 - 245?
-161
In base 5, what is -310441142 + 10?
-310441132
In base 7, what is 4 + 250011?
250015
In base 12, what is -286 + 387?
101
In base 15, what is -2976e - 1?
-29770
In base 9, what is 700832 - 4?
700827
In base 3, what is 112 + 121102?
121221
In base 4, what is 2 + -2122003?
-2122001
In base 12, what is -3 + -14a51?
-14a54
In base 11, what is -5 + -8808?
-8812
In base 3, what is -22201 + 211120?
111212
In base 14, what is a2d - 119?
914
In base 5, what is -13421 + -1114?
-20040
In base 14, what is -9d39 - 4?
-9d3d
In base 8, what is 3736 - 3?
3733
In base 4, what is 210310 + 101?
211011
In base 15, what is -56 + -4a3?
-509
In base 14, what is -3 + 7556c?
75569
In base 2, what is -100100011000 - 100111001?
-101001010001
In base 6, what is 0 - 142333?
-142333
In base 15, what is 9844 + -a5?
978e
In base 12, what is -63 + 204?
161
In base 16, what is -8 + -16ba3?
-16bab
In base 12, what is -113 - -a1?
-32
In base 8, what is 2415455 + -3?
2415452
In base 5, what is -2234 + -2333?
-10122
In base 8, what is 2 - -62026?
62030
In base 6, what is 4 + -1502432?
-1502424
In base 14, what is -1 - 1ca09?
-1ca0a
In base 7, what is -5 + 20303615?
20303610
In base 8, what is -1641 + -1340?
-3201
In base 3, what is 1 + 212122011211?
212122011212
In base 6, what is -12220402 + 4?
-12220354
In base 12, what is -53 + 134b?
12b8
In base 3, what is 1100010 + 1122?
1101202
In base 16, what is -4 + 46476?
46472
In base 13, what is -1 + 47b24?
47b23
In base 3, what is 11 + 2101120010?
2101120021
In base 14, what is -114d7 + 40?
-11497
In base 2, what is 1101010010010001 - 101?
1101010010001100
In base 8, what is -4 - 1114030?
-1114034
In base 8, what is -5 + -261307?
-261314
In base 14, what is -1 - -272d4?
272d3
In base 13, what is 5 - 92c?
-927
In base 14, what is 43 + 5a?
9d
In base 8, what is 6 - 1346356?
-1346350
In base 15, what is 1810ce + -4?
1810ca
In base 11, what is 5a + 448?
4a7
In base 4, what is -203 + 1212133?
1211330
In base 7, what is -100 - 1252?
-1352
In base 14, what is -212 - -4?
-20c
In base 7, what is 61436 - -311?
62050
In base 16, what is -d84b - 0?
-d84b
In base 16, what is -4 - -807b?
8077
In base 10, what is 6 - -6889?
6895
In base 12, what is 151 + -675?
-524
In base 9, what is -3 - 34476?
-34480
In base 12, what is -2b5987 - -3?
-2b5984
In base 14, what is 4 - -63a?
640
In base 7, what is 60650 + 6?
60656
In base 4, what is 302321103 + 10?
302321113
In base 8, what is 4 + 30652?
30656
In base 12, what is -4 - -21614?
21610
In base 10, what is 4 + 353046?
353050
In base 15, what is 24ee - -58?
2557
In base 10, what is -154372 - 5?
-154377
In base 2, what is -10 + -10001010011?
-10001010101
In base 10, what is 15432 - 12?
15420
In base 9, what is -135 - 220?
-355
In base 15, what is -38 + -35?
-6d
In base 15, what is -67 - 1a7d?
-1ae5
In base 4, what is 31 - 3100?
-3003
In base 16, what is d0d + 7?
d14
In base 4, what is 31311311 - -31?
31312002
In base 16, what is -8 - -1b22?
1b1a
In base 11, what is -12291a - 11?
-122930
In base 14, what is 7d9 + -5?
7d4
In base 5, what is 4 + 13041304?
13041313
In base 14, what is 11282c - -3?
112831
In base 13, what is 3 - -567a?
5680
In base 6, what is -32 - 1440450?
-1440522
In base 3, what is 12 - -22112001211?
22112002000
In base 13, what is -1436 + 6?
-1430
In base 3, what is -122011111020120 + 10?
-122011111020110
In base 5, what is -20112 - -220?
-14342
In base 4, what is 1132 + 213320?
221112
In base 12, what is -20b3 - -9?
-20a6
In base 10, what is 0 + -2899?
-2899
In base 7, what is 2 - -14121?
14123
In base 7, what is 1 + -50350?
-50346
In base 12, what is 68b0a - -1?
68b0b
In base 3, what is -212121000 - -10?
-212120220
In base 4, what is 11013000 + 2?
11013002
In base 7, what is -13002 + -16?
-13021
In base 2, what is 101001100 - 11110?
100101110
In base 16, what is -2 + -1138e?
-11390
In base 11, what is 32 - -8927?
8959
In base 2, what is 1010 - 110000111000?
-110000101110
In base 4, what is 3 - -3002?
3011
In base 9, what is -420 + -273?
-703
In base 7, what is -135326 + 1?
-135325
In base 5, what is -12423114 + 10?
-12423104
In base 4, what is 11112133 + -20?
11112113
In base 12, what is -566b9 + -14?
-56711
In base 6, what is 3403420 - 0?
3403420
In base 10, what is 22510 + 8?
22518
In base 12, what is 1 - 64618?
-64617
In base 11, what is -2320 - -13?
-2308
In base 7, what is 1 + 10106?
10110
In base 3, what is -102 - -2112200?
2112021
In base 10, what is 243 + 93?
336
In base 9, what is 24 - -72513?
72537
In base 12, what is -a1 - -660?
57b
In base 15, what is -286 - 1aa?
-441
In base 3, what is -222022 + 10002?
-212020
In base 16, what is 56 + -3a19?
-39c3
In base 9, what is -136 - 2247?
-2384
In base 11, what is 5a55 - -10?
5a65
In base 9, what is 0 + -3676?
-3676
In base 4, what is -200200 - 1101?
-201301
In base 13, what is -1 - 82a?
-82b
In base 14, what is a1d + -24?
9d9
In base 15, what is -3 - -465?
462
In base 6, what is 1015314 - -13?
1015331
In base 10, what is 550 - -216?
766
In base 10, what is -701 + 73?
-628
In base 8, what is -123636 + -13?
-123651
In base 10, what is 600572 - -3?
600575
In base 10, what is -38446 + 4?
-38442
In base 16, what is b11 + -17?
afa
In base 9, what is 18 - -200?
218
In base 11, what is -137 - -1?
-136
In base 8, what is -222 + 41?
-161
In base 16, what is -37e3 + 0?
-37e3
In base 2, what is -10011000010100011110 + 101?
-10011000010100011001
In base 4, what is 300111 + 31022?
331133
In base 4, what is -22 + 2323230?
2323202
In base 12, what is 6 - 19418?
-19412
In base 12, what is -15039 - 1?
-1503a
In base 5, what is -100 + 2300130?
2300030
In base 2, what is -1111100 + 11011110010000?
11011100010100
In base 13, what is 1a3b8 + 1?
1a3b9
In base 15, what is 7 + -17b32?
-17b2a
In base 14, what is 71427a - 3?
714277
In base 12, what is 31478 + 3?
3147b
In base 5, what is 2114 - -430?
3044
In base 16, what is -546 - 338?
-87e
In base 13, what is 18 - -292a?
2945
In base 8, what is -3 + -14052?
-14055
In base 13, what is 8ac + -2c2?
5ba
In base 2, what is -100000001000111001010 - 100?
-100000001000111001110
In base 5, what is -1 + -3121141?
-3121142
In base 15, what is -36c - 24?
-391
In base 12, what is 3a20 - -4?
3a24
In base 7, what is 31513046 + -2?
31513044
In base 12, what is 31455 + 1?
31456
In base 16, what is 75f55 - -2?
75f57
In base 11, what is a73a + 4?
a743
In base 10, what is 788 + 439?
1227
In base 13, what is 2a4 + -5c5?
-321
In base 13, what is 21 + 539?
55a
In base 3, what is -10100 - 20002?
-100102
In base 10, what is -3 + -2892?
-2895
In base 5, what is 104014 - -2?
104021
In base 8, what is 3412 - 531?
2661
In base 5, what is 101441423 + 1?
101441424
In base 6, what is 11242 - -4134?
15420
In base 13, what is -11956 + -181?
-11b07
In base 10, what is 6 + -35937?
-35931
In base 16, what is 653 - -f?
662
In base 12, what is -209882 + 3?
-20987b
In base 15, what is -335 + -6a3?
-9d8
In base 7, what is -3 + 515042?
515036
In base 8, what is -2 + 43042?
43040
In base 13, what is 1 + 9c26?
9c27
In base 15, what is -363d3 + 11?
-363c2
In base 16, what is -2df3 - 166?
-2f